{"id":398,"date":"2016-05-09T23:07:28","date_gmt":"2016-05-10T02:07:28","guid":{"rendered":"http:\/\/www.falerblocos.com.br\/?post_type=product&#038;p=398"},"modified":"2025-10-04T10:39:12","modified_gmt":"2025-10-04T13:39:12","slug":"meio-fio-alto-080-x-025-x-025m","status":"publish","type":"product","link":"http:\/\/www.falerblocos.com.br\/v1\/produto\/meio-fio-alto-080-x-025-x-025m\/","title":{"rendered":"Meio Fio Alto 0,80 x 0,25 x 0,25m"},"content":{"rendered":"<h4>Especifica\u00e7\u00f5es T\u00e9cnicas:<\/h4>\n<p><strong>MEIO FIO <\/strong><br \/>\nS\u00e3o Artefatos de concreto utilizados na confec\u00e7\u00e3o de todo tipo de cal\u00e7amento, sempre com a garantia de qualidade. Produto pronto para instala\u00e7\u00e3o em vias p\u00fablicas, sendo resistente as a\u00e7\u00f5es do tempo sem perder a qualidade. S\u00e3o importantes para todo o per\u00edmetro do pavimento de pisos intertravados, garantindo com que as pe\u00e7as n\u00e3o se desloquem e que n\u00e3o haja abertura das juntas.<br \/>\nPrincipais aplica\u00e7\u00f5es das guias de concreto a serem utilizadas: meio-fio para ruas, passeio de pedestres, ciclovias, acessos a edif\u00edcios e estacionamentos, etc.<\/p>\n","protected":false},"excerpt":{"rendered":"<p>Especifica\u00e7\u00f5es T\u00e9cnicas: MEIO FIO S\u00e3o Artefatos de concreto utilizados na confec\u00e7\u00e3o de todo tipo de cal\u00e7amento, sempre com a garantia de qualidade. Produto pronto para instala\u00e7\u00e3o em vias p\u00fablicas, sendo resistente as a\u00e7\u00f5es do tempo sem perder a qualidade. S\u00e3o importantes para todo o per\u00edmetro do pavimento de pisos intertravados, garantindo com que as pe\u00e7as [&hellip;]<\/p>\n","protected":false},"featured_media":399,"comment_status":"open","ping_status":"closed","template":"","meta":[],"product_brand":[],"product_cat":[9,11],"product_tag":[],"class_list":{"0":"post-398","1":"product","2":"type-product","3":"status-publish","4":"has-post-thumbnail","6":"product_cat-produtos","7":"product_cat-meio-fio","9":"first","10":"instock","11":"shipping-taxable","12":"product-type-simple"},"_links":{"self":[{"href":"http:\/\/www.falerblocos.com.br\/v1\/wp-json\/wp\/v2\/product\/398","targetHints":{"allow":["GET"]}}],"collection":[{"href":"http:\/\/www.falerblocos.com.br\/v1\/wp-json\/wp\/v2\/product"}],"about":[{"href":"http:\/\/www.falerblocos.com.br\/v1\/wp-json\/wp\/v2\/types\/product"}],"replies":[{"embeddable":true,"href":"http:\/\/www.falerblocos.com.br\/v1\/wp-json\/wp\/v2\/comments?post=398"}],"wp:featuredmedia":[{"embeddable":true,"href":"http:\/\/www.falerblocos.com.br\/v1\/wp-json\/wp\/v2\/media\/399"}],"wp:attachment":[{"href":"http:\/\/www.falerblocos.com.br\/v1\/wp-json\/wp\/v2\/media?parent=398"}],"wp:term":[{"taxonomy":"product_brand","embeddable":true,"href":"http:\/\/www.falerblocos.com.br\/v1\/wp-json\/wp\/v2\/product_brand?post=398"},{"taxonomy":"product_cat","embeddable":true,"href":"http:\/\/www.falerblocos.com.br\/v1\/wp-json\/wp\/v2\/product_cat?post=398"},{"taxonomy":"product_tag","embeddable":true,"href":"http:\/\/www.falerblocos.com.br\/v1\/wp-json\/wp\/v2\/product_tag?post=398"}],"curies":[{"name":"wp","href":"https:\/\/api.w.org\/{rel}","templated":true}]}}