{"id":36,"date":"2016-04-27T01:21:37","date_gmt":"2016-04-27T04:21:37","guid":{"rendered":"http:\/\/cwbpartners.net.br\/loja\/?page_id=36"},"modified":"2022-06-27T12:41:59","modified_gmt":"2022-06-27T15:41:59","slug":"inicio","status":"publish","type":"page","link":"http:\/\/www.falerblocos.com.br\/v1\/","title":{"rendered":"Inicio"},"content":{"rendered":"<style>\n    div.exclusivo {<br \/>\n        font-family: 'Righteous', cursive;<br \/>\n        border-radius: 50px;<br \/>\n        background-color: rgba(216, 12, 12, 0.12);<br \/>\n        text-align: center;<br \/>\n    }<\/p>\n<p>        div.exclusivo h1 {<br \/>\n            font-size: 20px;<br \/>\n            color: #f74c5b;<br \/>\n        }<\/p>\n<p>        div.exclusivo h2 {<br \/>\n            font-size: 12px;<br \/>\n            color: black;<br \/>\n        }<br \/>\ndiv.whats {<br \/>\n        font-family: 'Righteous', cursive;<br \/>\n        border-radius: 50px;<br \/>\n        background-color: rgba(216, 12, 12, 0.12);<br \/>\n        text-align: center;<br \/>\n    }<br \/>\n<\/style>\n<h2><div style=\"max-width: 1170px;\" class=\"ml-slider-3-10-3 metaslider metaslider-nivo metaslider-218 ml-slider\">\n    \n    <div id=\"metaslider_container_218\">\n        <div class='slider-wrapper theme-default'><div class='ribbon'><\/div><div id='metaslider_218' class='nivoSlider'><img loading=\"lazy\" decoding=\"async\" src=\"http:\/\/www.falerblocos.com.br\/v1\/wp-content\/uploads\/2022\/06\/WhatsApp-Image-2022-06-22-at-09.03.05-1170x450.jpeg\" height=\"450\" width=\"1170\" title=\"WhatsApp Image 2022-06-22 at 09.03.05\" alt=\"\" class=\"slider-218 slide-1150\" \/><img loading=\"lazy\" decoding=\"async\" src=\"http:\/\/www.falerblocos.com.br\/v1\/wp-content\/uploads\/2022\/06\/WhatsApp-Image-2022-06-22-at-09.03.41-739x284.jpeg\" height=\"450\" width=\"1170\" data-caption=\"BLOCOS DE ENCAIXE \" title=\"WhatsApp Image 2022-06-22 at 09.03.41\" alt=\"\" class=\"slider-218 slide-1149\" \/><img loading=\"lazy\" decoding=\"async\" src=\"http:\/\/www.falerblocos.com.br\/v1\/wp-content\/uploads\/2022\/06\/Design-sem-nome-1-1170x450.png\" height=\"450\" width=\"1170\" title=\"Design sem nome (1)\" alt=\"\" class=\"slider-218 slide-1147\" \/><img loading=\"lazy\" decoding=\"async\" src=\"http:\/\/www.falerblocos.com.br\/v1\/wp-content\/uploads\/2016\/11\/n1g-960x369.jpg\" height=\"450\" width=\"1170\" data-caption=\"Aqui Voc&ecirc; encontra pavimenta&ccedil;&atilde;o colorida.\" alt=\"\" class=\"slider-218 slide-1010\" \/><img loading=\"lazy\" decoding=\"async\" src=\"http:\/\/www.falerblocos.com.br\/v1\/wp-content\/uploads\/2022\/06\/WhatsApp-Image-2022-06-22-at-09.02.00-1170x450.jpeg\" height=\"450\" width=\"1170\" title=\"WhatsApp Image 2022-06-22 at 09.02.00\" alt=\"\" class=\"slider-218 slide-1143\" \/><img loading=\"lazy\" decoding=\"async\" src=\"http:\/\/www.falerblocos.com.br\/v1\/wp-content\/uploads\/2022\/06\/WhatsApp-Image-2022-06-22-at-09.00.07-1170x450.jpeg\" height=\"450\" width=\"1170\" data-caption=\"Qualidade para sua obra\" alt=\"Blocos\" class=\"slider-218 slide-1144\" \/><img loading=\"lazy\" decoding=\"async\" src=\"http:\/\/www.falerblocos.com.br\/v1\/wp-content\/uploads\/2016\/05\/banner-d96ce270bd9776177baf9b78754a1a80-1170x450.jpg\" height=\"450\" width=\"1170\" alt=\"\" class=\"slider-218 slide-803\" \/><\/div><\/div>\n        \n    <\/div>\n<\/div><\/h2>\n<div class=\"exclusivo\">\n<p style=\"font-size: 25px; font-family: 'Righteous', cursive;\">EXCLUSIVO DA FALERBLOCOS<\/p>\n<div class=\"row\">\n<div class=\"col-md-6\">\n<p style=\"font-size: 18px; font-family: 'Righteous', cursive;\">Vantagens do Produto<\/p>\n<p style=\"font-size: 20px; padding-bottom: 25px;\">Menor consumo de argamassa de assentamento<br \/>\nElimina\u00e7\u00e3o da junta vertical de assentamento.<br \/>\nMelhoria no prumo da alvenaria<br \/>\nRedu\u00e7\u00e3o no tempo de assentamento dos blocos<br \/>\nMaior resist\u00eancia da parede pronta<br \/>\nN\u00e3o necessita de m\u00e3o\u00a0de obra especializada<br \/>\nCusto final , em media 35 % menos<br \/>\nMenor gasto com ferragens e cacharias<\/p>\n<\/div>\n<div class=\"col-md-6\"><center><\/p>\n<p style=\"font-size: 25px; font-family: 'Righteous', cursive;\">BLOCOS DE ENCAIXE<\/p>\n<p><img decoding=\"async\" style=\"padding-right: 100px;\" src=\"http:\/\/www.falerblocos.com.br\/v1\/wp-content\/uploads\/2016\/04\/blocos-img-300x168.png\" alt=\"blocos-img\" width=\"60%\" \/><\/p>\n<p><\/center><\/div>\n<\/div>\n<\/div>\n<p style=\"padding-top: 50px;\">\n<p style=\"font-size: 30px; text-align: center;\">\u00a0 \u00a0 \u00a0 \u00a0 \u00a0 \u00a0 \u00a0 \u00a0 \u00a0 \u00a0 \u00a0 \u00a0 \u00a0 \u00a0Conhe\u00e7a abaixo nossos produtos<\/p>\n<div class=\"container produtos\">\n<div class=\"col-md-3 item-produtos\">\n<div class=\"thumb\"><\/div>\n<div class=\"conteudo-item-produtos\">\n<div class=\"conteudo\"><\/div>\n<\/div>\n<\/div>\n<div class=\"col-md-3 item-produtos\">\n<div class=\"thumb\"><a href=\"http:\/\/www.falerblocos.com.br\/v1\/categoria-produto\/produtos\/meio-fio\/\"><img decoding=\"async\" src=\"http:\/\/www.inpreart.com.br\/wp-content\/themes\/inpreart-tema\/img\/meiofio.png\" alt=\"\" \/><\/a><\/div>\n<div class=\"conteudo-item-produtos\">\n<div class=\"conteudo\">\n<h2><a href=\"http:\/\/www.falerblocos.com.br\/v1\/categoria-produto\/produtos\/meio-fio\/\">Meio Fio<\/a><\/h2>\n<p>Para todos os tipos de cal\u00e7adas h\u00e1 um meio fio \u00a0adequado. Qualidade e durabilidade que .<\/p>\n<p><a class=\"btn\" href=\"http:\/\/www.falerblocos.com.br\/v1\/categoria-produto\/produtos\/meio-fio\/\">saiba mais<\/a><\/p>\n<\/div>\n<\/div>\n<p><!--item-produtos--><\/p>\n<\/div>\n<div class=\"col-md-3 item-produtos\">\n<div class=\"thumb\"><\/div>\n<div class=\"conteudo-item-produtos\">\n<div class=\"conteudo\">\n<h2><a href=\"http:\/\/www.falerblocos.com.br\/v1\/categoria-produto\/produtos\/blocos\/\">Blocos<\/a><\/h2>\n<p>Blocos modelo reto e com encaixes, de alta qualidade e resist\u00eancia que sua obra necessita.<\/p>\n<p><a class=\"btn\" href=\"http:\/\/www.falerblocos.com.br\/v1\/categoria-produto\/produtos\/blocos\/\">saiba mais<\/a><\/p>\n<\/div>\n<\/div>\n<p><!--item-produtos--><\/p>\n<\/div>\n<div class=\"col-md-3 item-produtos final\">\n<div class=\"thumb\"><\/div>\n<div class=\"conteudo-item-produtos\">\n<div class=\"conteudo\">\n<h2><a href=\"http:\/\/www.falerblocos.com.br\/v1\/categoria-produto\/produtos\/pisos-intertravados\/\">Pisos Intertravados<\/a><\/h2>\n<p>Pe\u00e7as de concreto, os paver s\u00e3o utilizados para pavimenta\u00e7\u00e3o de cal\u00e7adas<em>,<\/em> (pisos intertravados ou pavimentos intertravados) a solu\u00e7\u00e3o perfeita para seu cal\u00e7amento.<\/p>\n<p><a class=\"btn\" href=\"http:\/\/www.falerblocos.com.br\/v1\/categoria-produto\/produtos\/pisos-intertravados\/\">saiba mais<\/a><\/p>\n<\/div>\n<\/div>\n<p><!--item-produtos--><\/p>\n<\/div>\n<div class=\"col-md-3 item-produtos\">\n<div class=\"thumb\"><a href=\"http:\/\/www.falerblocos.com.br\/v1\/categoria-produto\/produtos\/calhas\/\"><img decoding=\"async\" src=\"http:\/\/www.inpreart.com.br\/wp-content\/themes\/inpreart-tema\/img\/calhas.png\" alt=\"\" \/><\/a><\/div>\n<p><!--item-produtos--><\/p>\n<\/div>\n<div class=\"col-md-3 item-produtos\">\n<div class=\"thumb\"><a href=\"http:\/\/www.falerblocos.com.br\/v1\/categoria-produto\/produtos\/grelhas\/\"><img decoding=\"async\" src=\"http:\/\/www.inpreart.com.br\/wp-content\/themes\/inpreart-tema\/img\/grelhas.png\" alt=\"\" \/><\/a><\/div>\n<div class=\"conteudo-item-produtos\">\n<div class=\"conteudo\">\n<h2><a href=\"http:\/\/www.falerblocos.com.br\/v1\/categoria-produto\/produtos\/calhas\/\">Grelhas de concreto<\/a><\/h2>\n<p>Solu\u00e7\u00f5es em grelhas de concreto (popularmente conhecido como ralos de \u00e1guas pluviais).<\/p>\n<p><a class=\"btn\" href=\"http:\/\/www.falerblocos.com.br\/v1\/categoria-produto\/produtos\/grelhas\/\">saiba mais<\/a><\/p>\n<\/div>\n<\/div>\n<p><!--item-produtos--><\/p>\n<\/div>\n<div class=\"col-md-3 item-produtos\">\n<div class=\"thumb\"><\/div>\n<div class=\"conteudo-item-produtos\">\n<div class=\"conteudo\">\n<h2><a href=\"http:\/\/www.falerblocos.com.br\/v1\/categoria-produto\/produtos\/lajes-trelicada\/\">Lajes treli\u00e7adas<\/a><\/h2>\n<p>Lajes de EPS ( isopor) e de cer\u00e2mica ( lajota ) . Veja suas vantagens.<\/p>\n<p><a class=\"btn\" href=\"http:\/\/www.falerblocos.com.br\/v1\/categoria-produto\/produtos\/lajes-trelicada\/\">saiba mais<\/a><\/p>\n<\/div>\n<\/div>\n<p><!--item-produtos--><\/p>\n<\/div>\n<p><!--produtos--><\/p>\n<div class=\"clearfix\"><\/div>\n<\/div>\n<div class=\"whats\">\n<h1>Entre em contato atrav\u00e9s do nosso whatsapp<\/h1>\n<h1 style=\"font-size: 30px;\">41 99124-9466<\/h1>\n<\/div>\n","protected":false},"excerpt":{"rendered":"<p>EXCLUSIVO DA FALERBLOCOS Vantagens do Produto Menor consumo de argamassa de assentamento Elimina\u00e7\u00e3o da junta vertical de assentamento. Melhoria no prumo da alvenaria Redu\u00e7\u00e3o no tempo de assentamento dos blocos Maior resist\u00eancia da parede pronta N\u00e3o necessita de m\u00e3o\u00a0de obra especializada Custo final , em media 35 % menos Menor gasto com ferragens e cacharias [&hellip;]<\/p>\n","protected":false},"author":1,"featured_media":0,"parent":0,"menu_order":0,"comment_status":"closed","ping_status":"closed","template":"","meta":{"footnotes":""},"class_list":["post-36","page","type-page","status-publish","hentry"],"_links":{"self":[{"href":"http:\/\/www.falerblocos.com.br\/v1\/wp-json\/wp\/v2\/pages\/36","targetHints":{"allow":["GET"]}}],"collection":[{"href":"http:\/\/www.falerblocos.com.br\/v1\/wp-json\/wp\/v2\/pages"}],"about":[{"href":"http:\/\/www.falerblocos.com.br\/v1\/wp-json\/wp\/v2\/types\/page"}],"author":[{"embeddable":true,"href":"http:\/\/www.falerblocos.com.br\/v1\/wp-json\/wp\/v2\/users\/1"}],"replies":[{"embeddable":true,"href":"http:\/\/www.falerblocos.com.br\/v1\/wp-json\/wp\/v2\/comments?post=36"}],"version-history":[{"count":146,"href":"http:\/\/www.falerblocos.com.br\/v1\/wp-json\/wp\/v2\/pages\/36\/revisions"}],"predecessor-version":[{"id":1167,"href":"http:\/\/www.falerblocos.com.br\/v1\/wp-json\/wp\/v2\/pages\/36\/revisions\/1167"}],"wp:attachment":[{"href":"http:\/\/www.falerblocos.com.br\/v1\/wp-json\/wp\/v2\/media?parent=36"}],"curies":[{"name":"wp","href":"https:\/\/api.w.org\/{rel}","templated":true}]}}